{"id":13796,"date":"2023-11-30T14:19:55","date_gmt":"2023-11-30T14:19:55","guid":{"rendered":"http:\/\/875jahrekirchgoens.de\/?page_id=13796"},"modified":"2023-12-10T19:43:30","modified_gmt":"2023-12-10T19:43:30","slug":"850-jahre-kirch-goens-eine-dorfchronik","status":"publish","type":"page","link":"http:\/\/875jahrekirchgoens.de\/?page_id=13796","title":{"rendered":"850 Jahre Kirch-G\u00f6ns &#8211; eine Dorfchronik"},"content":{"rendered":"\n<p class=\"has-text-color has-link-color has-medium-font-size wp-elements-a36533eecce4e97e17af2e1b55bb45ef\" style=\"color:#841000\"><em>Im Rahmen der Ressourceneinsparung wird, laut IG-Werbeausschu\u00dfsprecher Thorsten Metz, auf den Nachdruck des Buches zum 850-j\u00e4hrigen Jubil\u00e4um ausdr\u00fccklich verzichtet. <\/em><\/p>\n\n\n\n<p class=\"has-text-color has-link-color has-medium-font-size wp-elements-8fe5e8df4166271e8b976b22787dafdd\" style=\"color:#841000\"><em>Wir sehen uns gegen\u00fcber unseren nachfolgenden Generationen verpflichtet, die Umweltbelastung einzud\u00e4mmen. Nachhaltigkeit muss aus unserer Sicht ein grundlegender Bestandteil unserer T\u00e4tigkeiten sein. Gerne haben wir die Digitalisierung der Chronik in Auftrag gegeben, stellen das Buch visuell zur Verf\u00fcgung und laden zum Schm\u00f6kern ein. Viel Spa\u00df.<\/em><\/p>\n\n\n\n<p class=\"has-text-color has-link-color has-medium-font-size wp-elements-32c3d3f0a08953b915d8982692208a79\" style=\"color:#841000\"><em>Auf diesem Wege bedanken wir uns bei allen Autoren (Peter B. Braasch, Dieter Pfeiffer, Werner Reusch, Anita R\u00f6hrig, J\u00fcrgen R\u00fchl, Werner R\u00fchl, Gertrude Sang und Dr. Dieter Wolf) f\u00fcr die Freigabe zur Ablichtung der Dorfchronik zum 850j\u00e4hrigen Jubil\u00e4um.<\/em><\/p>\n\n\n\n<p class=\"has-text-align-center\">(einfach auf das Bild klicken)<\/p>\n\n\n<div class=\"wp-block-image\">\n<figure class=\"aligncenter size-full\"><a href=\"http:\/\/875jahrekirchgoens.de\/wp-content\/uploads\/2023\/12\/850-Jahre-Kirch-Goens-klein.pdf\" target=\"_blank\" rel=\"noreferrer noopener\"><img loading=\"lazy\" decoding=\"async\" width=\"542\" height=\"812\" src=\"http:\/\/875jahrekirchgoens.de\/wp-content\/uploads\/2023\/12\/Titelbild-850-Jahre-Kirch-Goens.png\" alt=\"\" class=\"wp-image-14032\" srcset=\"http:\/\/875jahrekirchgoens.de\/wp-content\/uploads\/2023\/12\/Titelbild-850-Jahre-Kirch-Goens.png 542w, http:\/\/875jahrekirchgoens.de\/wp-content\/uploads\/2023\/12\/Titelbild-850-Jahre-Kirch-Goens-200x300.png 200w\" sizes=\"auto, (max-width: 542px) 100vw, 542px\" \/><\/a><\/figure><\/div>","protected":false},"excerpt":{"rendered":"<p>Im Rahmen der Ressourceneinsparung wird, laut IG-Werbeausschu\u00dfsprecher Thorsten Metz, auf den Nachdruck des Buches zum 850-j\u00e4hrigen Jubil\u00e4um ausdr\u00fccklich verzichtet. Wir sehen uns gegen\u00fcber unseren nachfolgenden Generationen verpflichtet, die Umweltbelastung einzud\u00e4mmen. Nachhaltigkeit muss aus unserer Sicht ein grundlegender Bestandteil unserer T\u00e4tigkeiten sein. Gerne haben wir die Digitalisierung der Chronik in Auftrag gegeben, stellen das Buch visuell &#8230; <a title=\"850 Jahre Kirch-G\u00f6ns &#8211; eine Dorfchronik\" class=\"read-more\" href=\"http:\/\/875jahrekirchgoens.de\/?page_id=13796\" aria-label=\"Mehr Informationen \u00fcber 850 Jahre Kirch-G\u00f6ns &#8211; eine Dorfchronik\">Weiterlesen<\/a><\/p>\n","protected":false},"author":1,"featured_media":0,"parent":0,"menu_order":0,"comment_status":"closed","ping_status":"closed","template":"","meta":{"footnotes":""},"class_list":["post-13796","page","type-page","status-publish"],"_links":{"self":[{"href":"http:\/\/875jahrekirchgoens.de\/index.php?rest_route=\/wp\/v2\/pages\/13796","targetHints":{"allow":["GET"]}}],"collection":[{"href":"http:\/\/875jahrekirchgoens.de\/index.php?rest_route=\/wp\/v2\/pages"}],"about":[{"href":"http:\/\/875jahrekirchgoens.de\/index.php?rest_route=\/wp\/v2\/types\/page"}],"author":[{"embeddable":true,"href":"http:\/\/875jahrekirchgoens.de\/index.php?rest_route=\/wp\/v2\/users\/1"}],"replies":[{"embeddable":true,"href":"http:\/\/875jahrekirchgoens.de\/index.php?rest_route=%2Fwp%2Fv2%2Fcomments&post=13796"}],"version-history":[{"count":3,"href":"http:\/\/875jahrekirchgoens.de\/index.php?rest_route=\/wp\/v2\/pages\/13796\/revisions"}],"predecessor-version":[{"id":14037,"href":"http:\/\/875jahrekirchgoens.de\/index.php?rest_route=\/wp\/v2\/pages\/13796\/revisions\/14037"}],"wp:attachment":[{"href":"http:\/\/875jahrekirchgoens.de\/index.php?rest_route=%2Fwp%2Fv2%2Fmedia&parent=13796"}],"curies":[{"name":"wp","href":"https:\/\/api.w.org\/{rel}","templated":true}]}}